 = 67*g**2 + 337*g + 14. Calculate p(-5).
4
Let k(h) = 47*h + 520. Determine k(-11).
3
Let a(y) = y**3 + 4*y**2 - 19*y - 44. Give a(-2).
2
Let r(g) = g**2 - 81*g - 14. Calculate r(0).
-14
Let n(m) = -105*m - 1084. Determine n(-10).
-34
Let d(f) = f**3 + 6*f**2 - 104*f + 391. Determine d(5).
146
Let s(v) = 803*v + 2403. Give s(-3).
-6
Let m(w) = -129*w - 19355. Calculate m(-150).
-5
Let z(h) = -14*h + 198. Determine z(14).
2
Let l(r) = r**3 - 29*r**2 - 386*r + 3326. Calculate l(37).
-4
Let d(j) = 15*j**2 - 960*j + 33. What is d(64)?
33
Let i(n) = -91*n**2 + 198*n - 5. Determine i(2).
27
Let r(t) = 733*t + 74045. Calculate r(-101).
12
Let y(l) = 8*l**3 - 8*l**2 - 29*l - 7. What is y(-2)?
-45
Let q(k) = -171*k - 852. Calculate q(-5).
3
Let i(d) = -d - 69. Determine i(28).
-97
Let y(o) = o**2 + 15*o - 6115. Determine y(-86).
-9
Let p(u) = -230*u - 44. Give p(-2).
416
Let d(y) = 3*y**2 + 229*y - 229. What is d(1)?
3
Let u(y) = -y**3 - 58*y**2 - 59*y - 108. Determine u(-57).
6
Let q(w) = w**2 + 899*w + 21860. Determine q(-25).
10
Let k(b) = b**3 - 3*b**2 - 7*b - 47. Calculate k(7).
100
Let f(x) = 6720*x + 26883. Determine f(-4).
3
Let d(p) = 129*p - 4503. What is d(35)?
12
Let y(p) = -49*p**2 - 4*p + 15. Determine y(2).
-189
Let l(c) = 706*c - 31792. Calculate l(45).
-22
Let h(i) = -74*i**2 + 593*i + 2. Determine h(8).
10
Let o(m) = m**2 - 406*m + 2000. Determine o(5).
-5
Let n(h) = 15*h**2 - 40*h - 11. What is n(5)?
164
Let v(k) = 263*k**2 + 5*k + 6. What is v(-1)?
264
Let t(m) = 33*m - 978. Calculate t(30).
12
Let p(u) = 25*u - 160. Give p(0).
-160
Let o(z) = 3*z**2 - 70*z + 360. What is o(16)?
8
Let s(j) = -j**3 - 74*j**2 + 238*j + 563. Determine s(-77).
24
Let u(c) = -62*c**2 + 634*c - 147. Give u(10).
-7
Let v(p) = -2*p**3 + 18*p**2 + 24*p - 213. Give v(9).
3
Let g(w) = -20*w + 1022. What is g(51)?
2
Let c(u) = -2*u**3 - 12*u**2 - 2*u - 11. What is c(-6)?
1
Let u(g) = -g**3 - 18*g**2 + 25*g + 107. Determine u(-19).
-7
Let i(f) = -f**3 + 4*f**2 - 15*f + 67. Determine i(4).
7
Let z(r) = -17*r**2 + r - 12. Calculate z(3).
-162
Let k(r) = -r**2 + 190*r + 12832. Calculate k(243).
-47
Let d(c) = -490*c - 338. Give d(-2).
642
Let p(s) = 71*s - 11. Determine p(4).
273
Let j(a) = -10*a**3 + 38*a**2 + 30*a - 18. Give j(4).
70
Let s(d) = -2*d**2 + 15*d + 466. Determine s(20).
-34
Let n(y) = -y**3 - 4*y**2 + 1164*y + 5797. What is n(-5)?
2
Let t(c) = 2*c**2 - 41*c - 199. What is t(-6)?
119
Let s(y) = -y**2 - 9*y + 147. Determine s(9).
-15
Let h(x) = -x**3 - 14*x**2 - 33*x - 21. What is h(-13)?
239
Let d(n) = -10*n**3 + 11*n - 26. Determine d(2).
-84
Let a(u) = 3*u**2 + 63*u + 26. Determine a(-20).
-34
Let l(p) = -p**3 - 28*p**2 - 63*p - 293. Calculate l(-26).
-7
Let h(q) = 4*q**3 + 46*q**2 - 24*q - 4. What is h(-12)?
-4
Let x(q) = -227*q - 4273. Determine x(-19).
40
Let g(o) = -3*o**2 + 13*o + 16. Give g(-4).
-84
Let g(u) = 95*u + 1957. Determine g(-21).
-38
Let r(k) = -25*k - 317. Calculate r(-13).
8
Let g(l) = 3972*l - 564018. Determine g(142).
6
Let x(u) = -2*u**3 + 6*u**2 - 7*u - 39. Determine x(-4).
213
Let d(p) = p**3 - 40*p**2 + 85*p - 5158. Give d(41).
8
Let w(i) = -2*i**3 - 36*i**2 + 183*i + 155. Give w(-22).
1
Let f(g) = -4*g**3 - 48*g**2 - 104*g + 32. What is f(-9)?
-4
Let a(z) = 4*z**2 + 27*z - 5. Determine a(-11).
182
Let z(w) = w**3 + 4*w**2 + 6*w + 1. What is z(-5)?
-54
Let s(m) = m**3 - 32*m**2 + 114*m + 11. Determine s(28).
67
Let s(f) = 2750*f - 24760. Calculate s(9).
-10
Let i(l) = l**2 - 61*l + 74. Determine i(58).
-100
Let f(y) = 35*y - 110. Give f(9).
205
Let j(b) = -b**3 + 55*b**2 - 103*b - 153. Calculate j(53).
6
Let g(w) = -2*w**2 - 30*w + 156. What is g(-19)?
4
Let y(a) = 3*a**3 - 174*a**2 - 175*a - 125. Give y(59).
-7
Let u(f) = 411*f + 1638. Determine u(-4).
-6
Let m(s) = -2*s**3 - 54*s**2 - 7*s - 196. Give m(-27).
-7
Let d(q) = -q**3 - 31*q**2 - 59*q - 839. Determine d(-30).
31
Let f(s) = -17*s - 15. What is f(-2)?
19
Let v(l) = 11*l**2 + 19*l - 42. Give v(-3).
0
Let u(g) = -29*g**2 - 8*g. Determine u(-1).
-21
Let y(k) = k**2 - 36*k - 644. Determine y(-13).
-7
Let x(l) = l**2 - 6*l + 154. Determine x(0).
154
Let y(l) = 127*l**2 + 69*l - 1. Calculate y(-1).
57
Let m(d) = -d**2 + 21*d - 59. Determine m(7).
39
Let a(g) = -10*g - 426. Determine a(-47).
44
Let i(k) = -37*k**2 + 20*k - 20. Give i(-3).
-413
Let d(l) = -l**2 - 59*l + 19. Give d(0).
19
Let m(y) = -y**3 + 61*y**2 - 507*y - 98. Calculate m(51).
55
Let c(w) = -3505*w + 234840. Determine c(67).
5
Let w(o) = 746*o**2 + 12*o - 13. Give w(1).
745
Let q(t) = t**3 + 132*t**2 + 769*t + 1639. Give q(-126).
1
Let c(b) = -b**2 - 45*b + 1455. What is c(22)?
-19
Let v(w) = w**3 + 12*w**2 + 15*w - 6. What is v(-7)?
134
Let v(g) = 2*g**3 - g**2 - 64*g + 125. What is v(2)?
9
Let n(v) = v**3 + 32*v**2 + 217*v - 11. What is n(-10)?
19
Let c(d) = 88*d - 517. Calculate c(6).
11
Let z(p) = 429*p - 5241. Determine z(12).
-93
Let m(g) = -g**3 + 14*g**2 - 23*g - 202. Calculate m(9).
-4
Let n(p) = -59*p + 33. What is n(1)?
-26
Let a(x) = -3*x**3 - 13*x**2 - 75*x - 407. Give a(-5).
18
Let h(y) = -15*y**3 + 4*y**2 + 3*y - 1. Calculate h(-1).
15
Let t(p) = -57*p + 319. Determine t(5).
34
Let z(k) = 3*k - 65. Calculate z(12).
-29
Let k(c) = -2*c**2 + 118*c - 440. Determine k(55).
0
Let q(s) = -s**3 - 5*s**2 + 65*s + 248. Give q(-4).
-28
Let i(t) = -t**2 + 20*t + 332. Calculate i(-12).
-52
Let s(r) = 2*r**3 + 23*r**2 + 15*r + 48. Give s(-11).
4
Let j(w) = 8*w + 192. Calculate j(-18).
48
Let l(z) = z**3 - 86*z**2 - 558*z - 221. Determine l(92).
-773
Let f(n) = 2*n**3 - n**2 - 87*n + 177. Calculate f(2).
15
Let n(a) = -2*a**2 + 46*a - 176. Determine n(15).
64
Let l(c) = -c**3 - 42*c**2 - 78*c + 72. What is l(-40)?
-8
Let h(q) = 190*q - 5507. What is h(29)?
3
Let h(s) = s**2 + 36*s + 133. Calculate h(-4).
5
Let q(s) = s**2 - 2726*s + 64850. Give q(24).
2
Let t(y) = 2*y**3 + 24*y**2 + 18*y - 26. Calculate t(-11).
18
Let d(q) = -82*q - 121. Calculate d(-2).
43
Let a(d) = -2*d**3 - 15*d**2 - 314*d - 2577. Determine a(-8).
-1
Let r(b) = b**3 + 4*b**2 + 4*b + 159. Determine r(-7).
-16
Let f(z) = 2761*z + 104895. What is f(-38)?
-23
Let g(y) = -y**2 + 35*y + 277. What is g(46)?
-229
Let v(n) = -n**2 + 2900*n - 10. Determine v(0).
-10
Let c(z) = -z**3 - 34*z**2 + 22*z - 446. What is c(-35)?
9
Let h(z) = 50*z**2 + 5*z - 3. Calculate h(1).
52
Let j(b) = 52*b**2 + 4*b - 4. Calculate j(1).
52
Let y(d) = 3*d**3 + 13*d**2 - 3*d - 25. Determine y(-4).
3
Let d(p) = p**3 - 13*p + 29. Give d(2).
11
Let p(n) = -n**3 + 11*n**2 + 3*n - 27. Determine p(9).
162
Let b(n) = -n**3 + 8*n**2 + 154*n - 14. Give b(17).
3
Let t(d) = -2*d**3 - 2*d**2 + 32*d + 26. Calculate t(-4).
-6
Let x(b) = -8*b**2 - 16*b + 15. Give x(3).
-105
Let u(y) = 2*y**2 + 2887*y + 11542. Calculate u(-4).
26
Let a(n) = 201*n + 5. Calculate a(0).
5
Let h(g) = 57*g + 310. Determine h(-4).
82
Let y(d) = -d**2 - 153*d + 460. Give y(3).
-8
Let y(w) = 229*w + 1617. Determine y(-7).
14
Let f(d) = -36*d + 1109. Determine f(7).
857
Let a(q) = 2*q**2 + 42*q + 6. Give a(-18).
-102
Let w(c) = -108*c**2 - 280*c + 560. Calculate w(2).
-432
Let u(b) = -39*b**2 + 50*b - 46. Calculate u(1).
-35
Let q(u) = 493*u + 1589. Calculate q(-3).
110
Let q(m) = m**3 + m**2 + 29*m - 103. Calculate q(4).
93
Let r(n) = 18*n**3 + n**2 - 7*n + 6. Give r(1).
18
Let z(h) = 2*h**2 - 43*h + 94. Determine z(15).
-101
Let h(d) = -3*d**3 + 44*d**2 + 14*d - 1. Give h(15).
-16
Let b(p) = p**2 - 6*p - 405. Calculate b(-16).
-53
Let t(o) = -3*o**2 + 41*o - 7. What is t(14)?
-21
Let i(x) = -x**3 + 7*x**2 - 20*x - 7. What is i(7)?
-147
Let d(b) = 3*b**2 + 656*b + 416. Calculate d(-218).
-20
Let b(m) = -325*m - 24004. Determine b(-74).
46
Let j(p) = 20*p**2 + 147*p - 979. What is j(7)?
1030
Let i(t) = t**3 - 28*t**2 + 3*t - 83. What is i(28)?
1
Let g(i) = -474*i + 3230. Calculate g(7).
-88
Let k(u) = -6*u**3 - 9*u**2 + 4*u + 5. Determine k(-2).
9
Let v(j) = 57*j - 364. Determine v(6).
-22
Let h(y) = -y**3 - 4*y**2 - 8*y + 7. What is h(-3)?
22
Let s(c) = 34*c - 2113. Give s(68).
199
Let c(s) = -50*s - 401. Determine c(-8).
-1
Let w(p) = -732*p - 3638. What is w(-5)?
22
Let z(m) = -m**3 - 7*m**2 + 471*m + 7. Determine z(19).
-430
Let t(f) = -f**3 - 93*f**2 - 240*f - 22329. Calculate t(-93).
-9
Let q(m